{"id":1136,"date":"2026-02-22T18:05:44","date_gmt":"2026-02-22T17:05:44","guid":{"rendered":"https:\/\/sg-dornheim-badminton.de\/?page_id=1136"},"modified":"2026-02-22T18:23:32","modified_gmt":"2026-02-22T17:23:32","slug":"neuigkeiten","status":"publish","type":"page","link":"https:\/\/sg-dornheim-badminton.de\/?page_id=1136","title":{"rendered":"Berichte"},"content":{"rendered":"\n<div class=\"wp-block-query is-layout-flow wp-block-query-is-layout-flow\"><ul class=\"wp-block-post-template is-layout-flow wp-block-post-template-is-layout-flow\"><li class=\"wp-block-post post-1126 post type-post status-publish format-standard hentry category-1-mannschaft category-2-mannschaft category-allgemein\">\n<h2 class=\"wp-block-post-title\">R\u00fcckrunden-Auftakt in Bensheim<\/h2>\n\n<div class=\"wp-block-post-excerpt\"><p class=\"wp-block-post-excerpt__excerpt\">Zum R\u00fcckrunden Auftakt am 25.01. traten die 1. und 2. Mannschaft der SG Dornheim gemeinsam beim TV Bensheim an \u2013 ein Spieltag, der sportlich zweigeteilt verlief, aber den Teamzusammenhalt klar in den Vordergrund stellte. Die 1. Mannschaft erwischte einen Sahnetag und belohnte sich mit einem 6:2-Erfolg \u2013 zugleich der erste Saisonsieg. Mit konzentrierten Auftritten in<\/p><p class=\"wp-block-post-excerpt__more-text\"><a class=\"wp-block-post-excerpt__more-link\" href=\"https:\/\/sg-dornheim-badminton.de\/?p=1126\">Weiterlesen<\/a><\/p><\/div>\n<\/li><li class=\"wp-block-post post-1098 post type-post status-publish format-standard hentry category-allgemein\">\n<h2 class=\"wp-block-post-title\">Jahresabschlussfeier 2025<\/h2>\n\n<div class=\"wp-block-post-excerpt\"><p class=\"wp-block-post-excerpt__excerpt\">In guter alter Tradition feierte die SG Dornheim Badminton-Abteilung auch dieses Jahr ihre Weihnachtsfeier erst kurz nach den Feiertagen. Zum gemeinschaftlichen Jahresabschluss fanden sich, beginnend mit dem traditionellen Gl\u00fchweinempfang am Abend, Mitglieder aus allen Mannschaften inklusive Familienmitgliedern in der N\u00e4he der Halle zu einem letzten Treffen vor dem Jahreswechsel zusammen. Gl\u00fchwein und Kinderpunsch sorgten bei<\/p><p class=\"wp-block-post-excerpt__more-text\"><a class=\"wp-block-post-excerpt__more-link\" href=\"https:\/\/sg-dornheim-badminton.de\/?p=1098\">Weiterlesen<\/a><\/p><\/div>\n<\/li><li class=\"wp-block-post post-1073 post type-post status-publish format-standard hentry category-allgemein\">\n<h2 class=\"wp-block-post-title\">&#8222;Hinrunden-Blues&#8220; &#8211; R\u00fcckblick auf die Hinrunde der SG Dornheim Badminton<\/h2>\n\n<div class=\"wp-block-post-excerpt\"><p class=\"wp-block-post-excerpt__excerpt\">Mit N\u00e4herr\u00fccken der Weihnachtsfeiertage geht f\u00fcr das Badminton-Team der SG Dornheim langsam ein sportlich ereignisreiches Jahr zu Ende. Sechs Mannschaften starteten zum Sommerende in die Saison und haben jetzt \u00fcber den Jahreswechsel Zeit f\u00fcr Regeneration und die M\u00f6glichkeit einfach Mal den Kopf frei zu bekommen. 1.Mannschaft &#8211; Hessenliga Gerade die erste Mannschaft wird hoffen mit<\/p><p class=\"wp-block-post-excerpt__more-text\"><a class=\"wp-block-post-excerpt__more-link\" href=\"https:\/\/sg-dornheim-badminton.de\/?p=1073\">Weiterlesen<\/a><\/p><\/div>\n<\/li><li class=\"wp-block-post post-1086 post type-post status-publish format-standard hentry category-allgemein\">\n<h2 class=\"wp-block-post-title\">3. Jugend-Bezirksrangliste der Altersgruppen U9-U19 im Bezirk Darmstadt<\/h2>\n\n<div class=\"wp-block-post-excerpt\"><p class=\"wp-block-post-excerpt__excerpt\">Dornheim &#8211; 6. und 7. Dezember 2025 Marathon-Turnier zum Jahresabschluss. Am Nikolaus-Wochenende lud der SG Dornheim zur dritten und letzten Jugendbezirksranglisterangliste des Jahres in die heimische Dreifeldhalle ein. Spieler und Spielerinnen aus der gesamten n\u00e4heren Umgebung meldeten sich zu diesem jahresabschlie\u00dfenden Wettbewerb um die Krone in ihren Altersklassen. Bereits im letzten Jahr konnte sich der<\/p><p class=\"wp-block-post-excerpt__more-text\"><a class=\"wp-block-post-excerpt__more-link\" href=\"https:\/\/sg-dornheim-badminton.de\/?p=1086\">Weiterlesen<\/a><\/p><\/div>\n<\/li><li class=\"wp-block-post post-1062 post type-post status-publish format-standard hentry category-allgemein\">\n<h2 class=\"wp-block-post-title\">\u201eFit und motiviert zum Saisonstart\u201c \u2013 Abschluss der Saisonvorbereitung f\u00fcr 2025\/26<\/h2>\n\n<div class=\"wp-block-post-excerpt\"><p class=\"wp-block-post-excerpt__excerpt\">Mit Beginn der Herbstmonate startet nun ganz offiziell die Hinrunde der Badminton-Saison. Auch f\u00fcr alle Teams der SG Dornheim demnach ebenfalls der Startschuss, f\u00fcr eine hoffentlich erfolgreiche und hochspannende Spielzeit. Schon in den letzten Wochen konnte man in der Dreifeldhalle beobachten, wie das Trainingspensum unter den Mannschaftsspielern*innen stetig zunahm. Automatismen wurden gest\u00e4rkt, die k\u00f6rperliche Fitness<\/p><p class=\"wp-block-post-excerpt__more-text\"><a class=\"wp-block-post-excerpt__more-link\" href=\"https:\/\/sg-dornheim-badminton.de\/?p=1062\">Weiterlesen<\/a><\/p><\/div>\n<\/li><li class=\"wp-block-post post-1041 post type-post status-publish format-standard hentry category-1-mannschaft category-2-mannschaft category-3-mannschaft category-allgemein category-jugend category-schueler-mini\">\n<h2 class=\"wp-block-post-title\">Saisonauftakt f\u00fcr die SG Dornheim \u2013 Heimspiel-Doppel gegen TV Bensheim<\/h2>\n\n<div class=\"wp-block-post-excerpt\"><p class=\"wp-block-post-excerpt__excerpt\">Am 07.September 2025 startet f\u00fcr die Erwachsenenmannschaften der SG Dornheim die neue Badminton-Saison. Direkt zum Auftakt gibt es ein Heimspiel-Doppel: Sowohl die erste als auch die zweite Mannschaft empfangen die Teams des TV Bensheim 1 und 2 in der Dornheimer Halle. Die Zielsetzungen f\u00fcr die drei Seniorenteams sind klar gesteckt: Die 1. Mannschaft m\u00f6chte sich<\/p><p class=\"wp-block-post-excerpt__more-text\"><a class=\"wp-block-post-excerpt__more-link\" href=\"https:\/\/sg-dornheim-badminton.de\/?p=1041\">Weiterlesen<\/a><\/p><\/div>\n<\/li><li class=\"wp-block-post post-1044 post type-post status-publish format-standard hentry category-allgemein\">\n<h2 class=\"wp-block-post-title\">Jahresr\u00fcckblick Abteilung Badminton 2024\/25<\/h2>\n\n<div class=\"wp-block-post-excerpt\"><p class=\"wp-block-post-excerpt__excerpt\">Mit Luft nach oben \u2013 R\u00fcckblick auf die Saison 2024\/25 Bereits zu Beginn der Saison Anfang Herbst letzten Jahres war klar, dass die erste und zweite Dornheimer Mannschaft vor einigen Herausforderungen stehen w\u00fcrden. In der ersten Mannschaft musste, nach dem Abstieg aus der Oberliga Mitte, der Abgang der letztj\u00e4hrigen Stammspielerinnen kompensiert werden, die sich nach<\/p><p class=\"wp-block-post-excerpt__more-text\"><a class=\"wp-block-post-excerpt__more-link\" href=\"https:\/\/sg-dornheim-badminton.de\/?p=1044\">Weiterlesen<\/a><\/p><\/div>\n<\/li><li class=\"wp-block-post post-1023 post type-post status-publish format-standard hentry category-allgemein\">\n<h2 class=\"wp-block-post-title\">3. Jugend-Bezirksrangliste der Altersgruppen U9-U19 im Bezirk Darmstadt<\/h2>\n\n<div class=\"wp-block-post-excerpt\"><p class=\"wp-block-post-excerpt__excerpt\">DBV \u2013 Wertungsrangliste der Kategorie D1 (14. und 15. Dezember) Kurz vor Weihnachten lud die SG Dornheim zur dritten j\u00e4hrlichen Jugendbezirksrangliste in die heimische Dreifeldhalle ein. Als eines der letzten Highlights des Jahres nahmen Spielerinnen und Spieler aus dem gesamten Bezirk Darmstadt und weit dar\u00fcber hinaus am Turnier teil, um in ihren Altersgruppen gegeneinander anzutreten.<\/p><p class=\"wp-block-post-excerpt__more-text\"><a class=\"wp-block-post-excerpt__more-link\" href=\"https:\/\/sg-dornheim-badminton.de\/?p=1023\">Weiterlesen<\/a><\/p><\/div>\n<\/li><li class=\"wp-block-post post-1021 post type-post status-publish format-standard hentry category-allgemein\">\n<h2 class=\"wp-block-post-title\">Alles offen nach zur Winterpause<\/h2>\n\n<div class=\"wp-block-post-excerpt\"><p class=\"wp-block-post-excerpt__excerpt\">R\u00fcckblick auf die Hinrunde der SG Dornheim Badminton Mit Start der Winterpause werfen wir einen Blick zur\u00fcck auf die Leistungen der Mannschaften der SG Dornheim Badminton in ihren jeweiligen Ligen. Nach einer Hinrunde voller H\u00f6hen und Tiefen und knappen Begegnungen, l\u00e4sst sich zumindest sagen, dass f\u00fcr die R\u00fcckrunde noch alles offen ist. Den Anfang macht<\/p><p class=\"wp-block-post-excerpt__more-text\"><a class=\"wp-block-post-excerpt__more-link\" href=\"https:\/\/sg-dornheim-badminton.de\/?p=1021\">Weiterlesen<\/a><\/p><\/div>\n<\/li><li class=\"wp-block-post post-995 post type-post status-publish format-standard hentry category-allgemein\">\n<h2 class=\"wp-block-post-title\">Was machen &#8222;Federm\u00e4use&#8220;?<\/h2>\n\n<div class=\"wp-block-post-excerpt\"><p class=\"wp-block-post-excerpt__excerpt\">Badmintonabteilung des SG Dornheim startet neues Kindertraining Mit dem Kopf nach unten h\u00e4ngen? Insekten im Flug fangen? Ultraschall? Zugegeben, das w\u00e4re schon ziemlich gro\u00dfartig, \u00fcbersteigt aber definitiv die M\u00f6glichkeiten des neuen Projektes der Badminton-Jugendabteilung der SG Dornheim. Trotzdem sind wir \u00fcberzeugt, unseren \u201eFederm\u00e4usen\u201c nicht nur ein abwechslungsreiches und einfallsreiches Trainingsprogramm anbieten zu k\u00f6nnen, sondern auch<\/p><p class=\"wp-block-post-excerpt__more-text\"><a class=\"wp-block-post-excerpt__more-link\" href=\"https:\/\/sg-dornheim-badminton.de\/?p=995\">Weiterlesen<\/a><\/p><\/div>\n<\/li><\/ul>\n\n<nav class=\"wp-block-query-pagination is-layout-flex wp-block-query-pagination-is-layout-flex\" aria-label=\"Seitennummerierung\">\n\n\n<div class=\"wp-block-query-pagination-numbers\"><span aria-current=\"page\" class=\"page-numbers current\">1<\/span>\n<a class=\"page-numbers\" href=\"?query-22-page=2&#038;rest_route=%2Fwp%2Fv2%2Fpages%2F1136\">2<\/a>\n<a class=\"page-numbers\" href=\"?query-22-page=3&#038;rest_route=%2Fwp%2Fv2%2Fpages%2F1136\">3<\/a><\/div>\n\n<a href=\"\/index.php?rest_route=%2Fwp%2Fv2%2Fpages%2F1136&#038;query-22-page=2\" class=\"wp-block-query-pagination-next\">N\u00e4chste Seite<\/a>\n<\/nav>\n\n<\/div>\n","protected":false},"excerpt":{"rendered":"","protected":false},"author":11,"featured_media":0,"parent":0,"menu_order":0,"comment_status":"closed","ping_status":"closed","template":"","meta":{"_mc_calendar":[],"footnotes":""},"class_list":["post-1136","page","type-page","status-publish","hentry"],"_links":{"self":[{"href":"https:\/\/sg-dornheim-badminton.de\/index.php?rest_route=\/wp\/v2\/pages\/1136","targetHints":{"allow":["GET"]}}],"collection":[{"href":"https:\/\/sg-dornheim-badminton.de\/index.php?rest_route=\/wp\/v2\/pages"}],"about":[{"href":"https:\/\/sg-dornheim-badminton.de\/index.php?rest_route=\/wp\/v2\/types\/page"}],"author":[{"embeddable":true,"href":"https:\/\/sg-dornheim-badminton.de\/index.php?rest_route=\/wp\/v2\/users\/11"}],"replies":[{"embeddable":true,"href":"https:\/\/sg-dornheim-badminton.de\/index.php?rest_route=%2Fwp%2Fv2%2Fcomments&post=1136"}],"version-history":[{"count":9,"href":"https:\/\/sg-dornheim-badminton.de\/index.php?rest_route=\/wp\/v2\/pages\/1136\/revisions"}],"predecessor-version":[{"id":1150,"href":"https:\/\/sg-dornheim-badminton.de\/index.php?rest_route=\/wp\/v2\/pages\/1136\/revisions\/1150"}],"wp:attachment":[{"href":"https:\/\/sg-dornheim-badminton.de\/index.php?rest_route=%2Fwp%2Fv2%2Fmedia&parent=1136"}],"curies":[{"name":"wp","href":"https:\/\/api.w.org\/{rel}","templated":true}]}}